 21. List the prime factors of p(5).
2, 71
Let w(t) = -t**2 + 18*t - 13. Let n be w(17). Let h(z) = -z + z + 4 + 8*z. List the prime factors of h(n).
2, 3
Let v(w) = -w - 10. Let q be v(-4). Let c be (-60)/36*q/2. Suppose c*x = -z + 22, 3*x + x = -4*z + 136. List the prime factors of z.
37
Let k = 91 - 137. Suppose -2*d = -6, -3*v + 22 - 73 = -5*d. Let b = v - k. List the prime factors of b.
2, 17
What are the prime factors of (-1118)/129*(-603)/3?
2, 13, 67
Suppose -4*c = -2*c - 290. Let o = c + -65. List the prime factors of o.
2, 5
Let c be (-4)/(-10)*(-3 - -18). Let d(f) = -f - 4. Let u be d(-2). List the prime factors of (-20 - u)*(-8)/c.
2, 3
Let g(r) = 376*r**2 - 4*r - 3. List the prime factors of g(-1).
13, 29
Let u(w) = -5*w**2 + 3*w + 3. Let x be u(-2). Let v = x - -39. What are the prime factors of v?
2
Let y(k) = -643*k - 22. Let o(h) = 214*h + 7. Let s(q) = 7*o(q) + 2*y(q). What are the prime factors of s(1)?
7, 31
Suppose 6*r - 3*r - 9 = 0. Let u be (r - 3) + (6 - 0). Suppose 11 + 337 = u*k. What are the prime factors of k?
2, 29
Suppose -j = -5*o + 5031, 0 = -3*j - 0*j - 5*o - 15093. List the prime factors of ((-2)/(-6))/((-13)/j).
3, 43
Suppose 4*w - 4907 = 733. What are the prime factors of w?
2, 3, 5, 47
Suppose -2*t = 5*c - 1006, -3*c - c - 3*t + 802 = 0. What are the prime factors of c?
2, 101
Let p(d) = -307*d + 21. What are the prime factors of p(-4)?
1249
Let j be 1 - (1 - (-3 - -3)). Let k = 9 - 9. Suppose -4 = c, -y + k*c + c + 28 = j. List the prime factors of y.
2, 3
Let a be ((-6)/(-4))/(13/(-182)). Let v(z) = z**2 + z - 23. Let j be v(0). Let u = a - j. List the prime factors of u.
2
Let z(w) = -w**3 + 8*w**2 - w + 6. Let p be z(8). What are the prime factors of (-122)/p*1/1?
61
Suppose a + 4*a - 3*k = 2115, -5*k - 2125 = -5*a. Suppose 6*g = g + a. Suppose g = 2*v + v. List the prime factors of v.
2, 7
Suppose -18*z + 282 = -15*z. Let g = 173 - z. Let s = g - 15. What are the prime factors of s?
2
Let o(n) = n**3 - 10*n**2 + 4*n + 3. Let d be o(10). Suppose -5*u = -3 + d. What are the prime factors of (-2)/((-5)/((-460)/u))?
23
Suppose 5*t - 2 = -3*i, 4 = -2*i + i - 4*t. Suppose -2*n + 494 = -2*v, -i*n + 943 = -v + 6*v. What are the prime factors of n?
2, 11
What are the prime factors of 2610 + 31/((-310)/(-120))?
2, 3, 19, 23
Let j(l) = 2*l + 9. Let d be j(-4). List the prime factors of 20/((-20)/(-16) - d).
2, 5
Suppose -6*g = 9*g - 855. What are the prime factors of g?
3, 19
Let u = 31 + -25. List the prime factors of u.
2, 3
Suppose -6*p - 9 = -3*p. Let a be 9 + -2*p/(-2). Suppose -a*r + 60 = -r. What are the prime factors of r?
2, 3
Let h = -835 + 3008. List the prime factors of h.
41, 53
Let d(c) = 13*c + 22. Let a be d(13). Let x = a + -90. What are the prime factors of x?
101
Let p be ((-16)/6 + 4 + -1)*18. What are the prime factors of p/(-3) + -1 + 78?
3, 5
Let k(y) = y**3 - 10*y**2 + 3*y - 12. Let h = -86 + 96. List the prime factors of k(h).
2, 3
Let k(f) = 2*f**2 + 4*f + 2. Let l be k(-2). Suppose -10*j - 31 = -61. Suppose 6*u = l*u - 2*q + 102, 4*q = -j*u + 79. List the prime factors of u.
5
Let d = -640 + 2899. List the prime factors of d.
3, 251
Suppose -t + 5 = -34. Suppose 4*m = -117 - t. What are the prime factors of m/26 + 71/2?
2, 17
Let d = -218 + 142. Let q = 109 + d. What are the prime factors of q?
3, 11
Let b(v) be the first derivative of 8*v**2 - 2*v - 9. List the prime factors of b(5).
2, 3, 13
Suppose 8 = 2*x - 0. Suppose 16 = -5*c + v, -2*c - x - 8 = v. Let r(f) = 2*f**2 + 7*f + 7. List the prime factors of r(c).
11
What are the prime factors of ((-106)/(-159))/(((-16)/8322)/(-4))?
19, 73
Let o(b) = b**3 - 4*b**2 - 4*b + 5. Let h be o(5). Let d(x) be the first derivative of x**4/4 - 11*x**3/3 + 7*x**2 + 18. List the prime factors of d(h).
2, 5
Suppose 0 = -24*h + 20*h + 3576. What are the prime factors of h?
2, 3, 149
Let f(v) = v + 1. Let h = -9 - -11. Let x be f(h). What are the prime factors of 0/(6 - x) + 4?
2
Let k = -58 + 59. Suppose 5*w - 20 = 5*r, 3*r - k = 14. What are the prime factors of w?
3
Let b(l) = 26*l**2 + 23*l - 23. List the prime factors of b(-8).
31, 47
Suppose 5*a - 10 = 5*s, 5*s = 5 + 10. Suppose 0 = a*g + 3*t + 10, -g + 3*g - t + 4 = 0. What are the prime factors of 13*(-2 + 5 + g)?
13
Suppose 65 = 2*p - 311. Let x = p + -132. What are the prime factors of x?
2, 7
Suppose -r - 4*r = -1265. What are the prime factors of r?
11, 23
Let p(w) be the second derivative of w**4/12 + w**3/6 - 7*w**2 + 18*w. List the prime factors of p(11).
2, 59
Let k(l) = 0 + 11*l - 6 - 2*l. Suppose -3*i = i - 16. List the prime factors of k(i).
2, 3, 5
Suppose 2*f = -y + 16, -53 = f - 6*f + 4*y. Suppose f = -3*v + 6*v. Suppose -v*c - 5*z = -63, 2*c - 3*c + 14 = 4*z. List the prime factors of c.
2, 13
Let a(j) = -4*j**2 - 13*j + 7*j**2 - j**3 - 4 + 9*j**2. Let u = 59 + -49. List the prime factors of a(u).
2, 3, 11
Let d = -4 + 2. What are the prime factors of d - 7/((-28)/32)?
2, 3
Let m(c) = -c - 3*c**2 + 2 + 3*c**2 + 0*c + c**2. Let h be m(2). Suppose h*f = 120 - 24. What are the prime factors of f?
2, 3
Suppose -3*i = 6 - 45. Let f = i - 16. List the prime factors of 12/(-10)*70/f.
2, 7
Let p(h) = -49*h**3 - 3*h**2 - 5*h - 4. List the prime factors of p(-2).
2, 193
Suppose -3*m = -4*o - 35, 4*o + 7 + 13 = 0. Suppose -m*q + 164 = -31. What are the prime factors of q?
3, 13
Let m = -19 + 10. Let r = m + 15. What are the prime factors of r?
2, 3
Suppose -8*q + 114 = -2*q. What are the prime factors of q?
19
Let f(c) be the second derivative of -c**5/10 - 5*c**4/6 - 7*c**3/6 - 2*c**2 - 3*c. What are the prime factors of f(-6)?
2, 5, 11
Let s(t) = -2*t**2 - t + 8. Let j be s(-3). Let n(w) = -w**3 - 3*w**2 + 10*w - 1. List the prime factors of n(j).
5
Suppose -30 = -2*m + 3*m. List the prime factors of 2271/15 - 18/m.
2, 19
Suppose 33*x - 20454 = 52476. List the prime factors of x.
2, 5, 13, 17
Suppose -46*h + 36*h + 19090 = 0. List the prime factors of h.
23, 83
List the prime factors of (-214 + 1)*(-756)/63.
2, 3, 71
Let q(r) = r**3 - r**2 - r - 5. Let f be q(0). Let d(v) = -3 - 2*v + 1 + 0 - 2. What are the prime factors of d(f)?
2, 3
Let h(p) = -14*p - 1 - 3 + 10*p. Let s be h(-6). List the prime factors of ((-126)/15)/((-6)/s).
2, 7
Let l be 161/1*(-13 - -15). Suppose -2*d + 114 = -3*m - 223, l = 2*d + 2*m. What are the prime factors of 6/10 + d/10?
17
Let l(n) = 3*n**2 + 2*n - 2. Let s be l(1). Let j = s + 4. List the prime factors of j.
7
Let p = -251 - -155. What are the prime factors of (38/(-8))/(12/p)?
2, 19
Let d = 49 + 18. Suppose -2*p + d = -37. What are the prime factors of p?
2, 13
Suppose 4*m = f + 2*m - 10, -5*f = -2*m - 34. Suppose 3*j = 168 - f. Suppose -u + 56 = u - 4*d, -2*d - j = -2*u. List the prime factors of u.
2, 13
Let u(z) = z**3 - 2*z**2 + 3*z - 2. Let h be u(1). Let t(m) = -m**3 - m**2 + 9. List the prime factors of t(h).
3
Let v(d) = -32*d - 344. List the prime factors of v(-26).
2, 61
Suppose 2*l - 4*i - 1 - 5 = 0, -3*i + 27 = 2*l. Let g(s) = s. Let u be g(0). Suppose u = 2*z - 5*k - 89, -z + 2*k - l = -53. List the prime factors of z.
2, 3, 7
Suppose -30 = -b - 5*k, 4*k = 7*b - 3*b. Suppose b*a = 4*d - 197, -2*a - 149 = -3*d + 3*a. Suppose 5*v - d = 87. List the prime factors of v.
3
Let b(m) = 0*m - 5*m - m**3 + 6*m + 87 + m**2. What are the prime factors of b(0)?
3, 29
Suppose v + 8 + 20 = 0. Let n be 8/v - 4/(-14). Suppose 2*k - f + 6*f + 5 = n, 4*k - 5*f = 35. What are the prime factors of k?
5
Let d = 2 + -13. Let m(t) = -t**3 - 10*t**2 + 11*t + 7. Let g be m(d). Let a = g - 3. List the prime factors of a.
2
Let x = 2356 + -1036. List the prime factors of x.
2, 3, 5, 11
Let d(c) = -5*c**3 + 2*c - 2. Let z be d(-2). Let u = 32 + z. What are the prime factors of u?
2, 3, 11
Let l(r) = 107*r + 387. List the prime factors of l(18).
3, 257
Suppose -169 = -4*p + p + 4*a, -4*p + 262 = 2*a. Suppose -5*m + p = -142. List the prime factors of m.
41
Let a(f) = f**3 - 6*f**2 + 2*f - 5. Let q be a(6). Suppose -q*c + 4*c + 141 = 0. Suppose -3*i + 136 = -b, -2*i + i = -2*b - c. What are the prime factors of i?
3, 5
Let b(w) = -w**3 + 12*w**2 - 6*w + 4. Let m be b(5). List the prime factors of 5 - (-102)/(-24) - m/(-4).
2, 19
Let n = 33 - -271. What are the prim